
Calculate the remainder when 2026 is divided by 35.
31
What is the remainder when 16085 is divided by 10?
5
What is the remainder when 1381 is divided by 1363?
18
What is the remainder when 3260 is divided by 34?
30
What is the remainder when 1099 is divided by 317?
148
Calculate the remainder when 5538 is divided by 425.
13
Calculate the remainder when 124555 is divided by 346.
341
What is the remainder when 12531 is divided by 368?
19
What is the remainder when 5091 is divided by 211?
27
What is the remainder when 6520 is divided by 811?
32
Calculate the remainder when 19553 is divided by 445.
418
Calculate the remainder when 1457 is divided by 61.
54
Calculate the remainder when 71896 is divided by 652.
176
What is the remainder when 738518 is divided by 69?
11
What is the remainder when 24332 is divided by 155?
152
What is the remainder when 20118 is divided by 108?
30
What is the remainder when 548674 is divided by 22861?
10
What is the remainder when 33381 is divided by 107?
104
What is the remainder when 1606 is divided by 52?
46
Calculate the remainder when 158278 is divided by 58.
54
What is the remainder when 1905 is divided by 257?
106
What is the remainder when 180860 is divided by 16441?
9
What is the remainder when 5984 is divided by 712?
288
Calculate the remainder when 9740 is divided by 65.
55
What is the remainder when 4320 is divided by 159?
27
What is the remainder when 3561217 is divided by 369?
367
Calculate the remainder when 3340418 is divided by 10.
8
What is the remainder when 1344 is divided by 174?
126
Calculate the remainder when 13834 is divided by 6906.
22
What is the remainder when 2047 is divided by 398?
57
What is the remainder when 51833 is divided by 6?
5
Calculate the remainder when 7421 is divided by 256.
253
Calculate the remainder when 2080 is divided by 140.
120
Calculate the remainder when 48 is divided by 47.
1
Calculate the remainder when 208 is divided by 111.
97
What is the remainder when 5923341 is divided by 714?
711
What is the remainder when 11759 is divided by 2899?
163
Calculate the remainder when 38825 is divided by 5546.
3
Calculate the remainder when 47067 is divided by 7.
6
What is the remainder when 4907559 is divided by 223?
221
What is the remainder when 19452 is divided by 12?
0
What is the remainder when 59809 is divided by 33?
13
Calculate the remainder when 5070 is divided by 5042.
28
What is the remainder when 369258 is divided by 763?
729
Calculate the remainder when 719507 is divided by 51.
50
Calculate the remainder when 5009 is divided by 547.
86
Calculate the remainder when 40888 is divided by 13629.
1
Calculate the remainder when 33199 is divided by 448.
47
What is the remainder when 24068 is divided by 213?
212
What is the remainder when 10275 is divided by 1462?
41
What is the remainder when 15051 is divided by 3748?
59
What is the remainder when 62970 is divided by 996?
222
Calculate the remainder when 4652657 is divided by 14.
9
What is the remainder when 371109 is divided by 28?
25
Calculate the remainder when 667783 is divided by 13.
12
What is the remainder when 608 is divided by 163?
119
What is the remainder when 1803 is divided by 1708?
95
What is the remainder when 31463 is divided by 21?
5
What is the remainder when 362353 is divided by 29?
27
What is the remainder when 9963 is divided by 9723?
240
What is the remainder when 61224 is divided by 3214?
158
What is the remainder when 176957 is divided by 79?
76
Calculate the remainder when 1555 is divided by 466.
157
Calculate the remainder when 625466 is divided by 4284.
2
What is the remainder when 1896 is divided by 1893?
3
Calculate the remainder when 1719 is divided by 526.
141
Calculate the remainder when 9394 is divided by 51.
10
Calculate the remainder when 9172 is divided by 277.
31
Calculate the remainder when 174980 is divided by 203.
197
Calculate the remainder when 1190 is divided by 206.
160
Calculate the remainder when 494926 is divided by 494914.
12
What is the remainder when 22533 is divided by 512?
5
Calculate the remainder when 952 is divided by 312.
16
Calculate the remainder when 22760 is divided by 11380.
0
What is the remainder when 1276174 is divided by 11?
9
Calculate the remainder when 1377941 is divided by 6.
5
Calculate the remainder when 87707 is divided by 6745.
22
Calculate the remainder when 116170 is divided by 28.
26
Calculate the remainder when 1741 is divided by 394.
165
What is the remainder when 25702 is divided by 8525?
127
Calculate the remainder when 1274 is divided by 370.
164
What is the remainder when 3689397 is divided by 1032?
1029
What is the remainder when 501894 is divided by 75?
69
Calculate the remainder when 36057 is divided by 126.
21
Calculate the remainder when 8513 is divided by 1702.
3
What is the remainder when 28639 is divided by 26?
13
Calculate the remainder when 8342 is divided by 347.
14
Calculate the remainder when 26529 is divided by 255.
9
What is the remainder when 5965 is divided by 498?
487
Calculate the remainder when 62862 is divided by 16.
14
Calculate the remainder when 977 is divided by 677.
300
Calculate the remainder when 14168 is divided by 146.
6
Calculate the remainder when 11420 is divided by 109.
84
What is the remainder when 21919 is divided by 8?
7
Calculate the remainder when 45999 is divided by 77.
30
Calculate the remainder when 10040 is divided by 1672.
8
Calculate the remainder when 6918 is divided by 2292.
42
What is the remainder when 135245 is divided by 4362?
23
Calculate the remainder when 311252 is divided by 47.
18
Calculate the remainder when 1727074 is divided by 26.
24
What is the remainder when 184574 is divided by 321?
320
Calculate the remainder when 2175 is divided by 32.
31
What is the remainder when 1086 is divided by 994?
92
Calculate the remainder when 2578474 is divided by 906.
904
Calculate the remainder when 2078 is divided by 686.
20
What is the remainder when 12463 is divided by 1247?
1240
Calculate the remainder when 4707 is divided by 516.
63
Calculate the remainder when 14032 is divided by 266.
200
What is the remainder when 90228 is divided by 57?
54
What is the remainder when 225552 is divided by 75181?
9
What is the remainder when 119662 is divided by 59714?
234
What is the remainder when 1424 is divided by 477?
470
What is the remainder when 54081 is divided by 41?
2
What is the remainder when 987 is divided by 238?
35
What is the remainder when 12473 is divided by 447?
404
Calculate the remainder when 11171 is divided by 169.
17
Calculate the remainder when 4419 is divided by 108.
99
What is the remainder when 121559 is divided by 3682?
53
What is the remainder when 23835 is divided by 23819?
16
What is the remainder when 83458 is divided by 13?
11
Calculate the remainder when 14859 is divided by 72.
27
Calculate the remainder when 157610 is divided by 107.
106
Calculate the remainder when 19080 is divided by 70.
40
Calculate the remainder when 1262198 is divided by 24.
14
Calculate the remainder when 1935178 is divided by 156.
154
What is the remainder when 24455 is divided by 35?
25
Calculate the remainder when 9104 is divided by 144.
32
Calculate the remainder when 23535 is divided by 154.
127
What is the remainder when 57652 is divided by 930?
922
What is the remainder when 6179 is divided by 2052?
23
Calculate the remainder when 3650770 is divided by 12.
10
Calculate the remainder when 443553 is divided by 215.
8
What is the remainder when 36949 is divided by 7385?
24
What is the remainder when 3725 is divided by 266?
1
Calculate the remainder when 96603 is divided by 66.
45
Calculate the remainder when 17038 is divided by 5669.
31
Calculate the remainder when 27696 is divided by 3459.
24
Calculate the remainder when 195 is divided by 13.
0
Calculate the remainder when 44064 is divided by 401.
355
What is the remainder when 23041 is divided by 92?
41
What is the remainder when 21787 is divided by 81?
79
What is the remainder when 15227 is divided by 3?
2
Calculate the remainder when 138914 is divided by 93.
65
What is the remainder when 53426 is divided by 390?
386
What is the remainder when 59406 is divided by 391?
365
What is the remainder when 240082 is divided by 10438?
8
What is the 